+ 6*b**2 + 3*b + 3. Let t be -1*(-3)/(-15) - 96/20. Determine x(t).
13
Let x(t) = -2*t**3 + 8 - 5 - 4*t**2 - 11*t + 8*t + t**3 - 3*t**2. What is x(-7)?
24
Suppose 5*i - 15*i = 0. Let h(z) = -z**3 + 16. Give h(i).
16
Let h = -34 + 40. Let v(x) = x**3 - 6*x**2 + 2*x - 1. Give v(h).
11
Let w(a) = -a**2 - 10*a**2 + 10*a**2 + 5*a + 3. Calculate w(2).
9
Let d(p) = p**2 + 4*p - 3. Let t be d(-6). Suppose t - 2 = o. Let i(v) = 0*v + 1 + 0*v - o - v. Calculate i(0).
-6
Suppose -5*d = 22 - 12. Let y(c) be the third derivative of -c**6/60 - c**5/60 + c**4/12 + c**3/6 - c**2. Calculate y(d).
9
Let w(t) = -3*t**3 + 11*t**2 + 9*t + 7. Let r(p) = -p**3 + 6*p**2 + 4*p + 4. Let x(c) = -5*r(c) + 2*w(c). Give x(-8).
10
Suppose 19 = 5*p - 6*p - q, -q = 2*p + 34. Let n(m) = -m**2 - 17*m - 30. What is n(p)?
0
Let b = 32 - 28. Suppose -5*v = -c - 1, 2*c - 28 - 2 = 2*v. Suppose 4*y + y + c = a, -3*a + b*y + 24 = 0. Let w(k) = 6*k - 4. What is w(a)?
20
Let w(b) = -b**3 + b**2 + b - 15. Let l = -907 - -907. Calculate w(l).
-15
Let x(b) = b**3 - b**2 - b + 1. Let v(n) = 2*n**3 + 7*n**2 - 5*n + 18. Let o(y) = v(y) - 3*x(y). Calculate o(10).
-5
Let p = 90 - 95. Let d(h) be the second derivative of -h**5/20 - h**4/2 - h**3/2 + 7*h**2/2 + h. What is d(p)?
-3
Let u(w) = 13*w**2 + 9*w + 4. Let s(f) = 23*f**2 + 17*f + 8. Let m(a) = 4*s(a) - 7*u(a). Determine m(-3).
-2
Let w(x) = -x + 4. Suppose 3*o - 45 = 3*g, -3*g - 65 = o - 6*o. Give w(o).
-6
Let s(l) be the third derivative of 0 - 1/4*l**4 + 0*l + 2*l**2 - 1/60*l**5 - 1/3*l**3. Suppose 4*y + p + 22 = 0, 4*p - 8 = 3*y + 18. Determine s(y).
-2
Let t(c) be the second derivative of -c**5/5 - c**4/6 + c**3/6 + 133*c. What is t(1)?
-5
Let z(y) = -2*y**3 - 2*y**2 + 1. Suppose 4*x = -0*x + 40. Suppose -5*a = -5*p + p + 49, 3*a + 14 = p. Let u = p - x. Determine z(u).
-3
Suppose -3*t + 25 = -8*t, 0 = p + 3*t + 15. Let r = 9 + -8. Let x(f) = -r - 1 - 2*f + f - 1. Give x(p).
-3
Let g(x) = 121247*x - 121244*x + x**3 - 8 - 11 + 7*x**2. Determine g(-6).
-1
Let q(z) be the third derivative of 0 - 24*z**2 + 1/24*z**4 + 0*z + 7/6*z**3. What is q(-5)?
2
Let z = 9 + -6. Suppose 0 = -k - z - 2. Let y(t) be the first derivative of t**3/3 + 2*t**2 - 4*t + 5. Give y(k).
1
Suppose -166 = -36*v - 58. Let r(p) be the third derivative of 0 + 0*p + 0*p**v - 1/6*p**4 - 4*p**2. Give r(-1).
4
Suppose 2*w = -3*w + 10. Let r(j) = -j - w*j**2 + 10 + 2*j**2 + j**2. Determine r(0).
10
Let t(k) = 13*k - 1. Let v be t(2). Suppose -4*i + 4*q + 36 = 0, 5*q + v = 4*i - 12. Let u(b) = -3*b + b**2 + 2*b + 11 - i. Calculate u(0).
3
Let j(h) be the first derivative of h**4/4 + 7*h**3/3 - 7*h**2/2 + h - 2. Let p(x) = -2*x - 26. Let k be p(-9). Give j(k).
-7
Suppose 0 = v - 5*v + 20. Suppose 0*m + 170 = v*m. Let r(b) = 11*b**3 - 1 + 16*b**3 - m*b**3 + b**2. What is r(1)?
-7
Suppose -i = -2*v - 7, 18 - 5 = -3*v + i. Let q(h) = -2*h**2 - 7*h. What is q(v)?
-30
Suppose -7*o + 40 = 26. Let y(v) = v**3 - 3*v**2 + 2*v - 1. Determine y(o).
-1
Let n(f) = 0*f**3 + f**3 + 4*f - 5*f**2 + 0*f. Suppose 5*h + 54 = -51. Let x = h + 25. Give n(x).
0
Let w(f) = 5*f - 50. Let n(s) = -10*s + 93. Let b(t) = -6*n(t) - 11*w(t). Give b(1).
-3
Let o = -711 - -698. Let y(i) = -i**3 - 14*i**2 - 15*i - 17. Determine y(o).
9
Let r(i) = -i**3 + 2*i + 7. Let f(s) = s**2 - s - 1. Let g(h) = -5*f(h) - r(h). Suppose -4*p = -10 - 6. Calculate g(p).
-6
Suppose 0 = y - d - 1, -d - 4*d + 11 = 3*y. Suppose y*x = 5*z - z, 0 = 5*x - z. Let p(i) = i**3 + i**2 - i + 12. Determine p(x).
12
Let m(j) be the third derivative of -j**4/12 - 5*j**3/2 - 20*j**2 + j. Determine m(-8).
1
Let m(f) = 0*f**2 + 1 - 468*f + 2*f**2 - 2 - f**3 - 6*f**2 + 469*f. Determine m(-3).
-13
Suppose 0 = -8*m + 4*m - 4. Let l = -26 + 29. Let x(p) = l*p**2 + 2*p + 37 - 36 - 7*p**2. Determine x(m).
-5
Let k = -1418 + 1416. Let x(g) = 7*g**2 + g - 1. What is x(k)?
25
Let u(v) = v**3 + 6*v**2 + 5. Let l = 109 - 104. Suppose -l*p + 2*b = 1 + 23, -2*b = 2*p + 18. What is u(p)?
5
Let k = -488 - -498. Let m(a) = a**2 - 10*a - 11. What is m(k)?
-11
Let d(z) be the second derivative of -z**6/360 - z**4/24 - 5*z**3/2 + 5*z. Let r(t) be the second derivative of d(t). Give r(0).
-1
Let w(l) = 4*l**3 + 4*l**2 - 2*l - 2. Let p(s) = -3*s**3 - 3*s**2 + s + 1. Let v(b) = -3*p(b) - 2*w(b). Suppose -5 + 0 = 5*n. Calculate v(n).
0
Suppose 5*w = -f + 18, 0 = -3*w - 0*w + 2*f + 16. Suppose 0 = w*g - 29 - 31. Suppose 4*o + g + 17 = 0. Let u(z) = -z - 7. What is u(o)?
1
Let l(p) = 4875*p**3 - 3*p**2 + p - 4879*p**3 + 2 + 0*p. Determine l(-2).
20
Let b(m) = -m**2 + 8*m + 14. Let j be b(-10). Let i = j + 409. Let v be i/(-36) - (-1)/(-4). Let q(g) = -g - 10. Determine q(v).
-3
Let x(m) = m**2 + 3. Let d(p) = 3*p**2 + 5*p + 22. Let f(k) = d(k) - 4*x(k). Calculate f(7).
-4
Let z(f) = -1. Let v(d) = -2*d - 18. Let q(g) = -v(g) - 5*z(g). Let y be q(-12). Let w(p) = 5*p - 1. Give w(y).
-6
Let g(t) be the third derivative of t**4/12 - t**3 + 5*t**2. Suppose -4*z = -8, -2*z + 43 = 5*f + 2*z. Give g(f).
8
Let m(s) = s**3 - s**2 + s. Let l(a) = -a**3 - a**2 - a. Let d(q) = -2*l(q) - m(q). Let t(z) be the second derivative of d(z). What is t(-5)?
-24
Suppose -2*g - 3*b = -0 + 2, -5*g - 2*b + 6 = 0. Let m(c) = 2*c**2 + 2. Let l(y) = -8*y**2 - 8. Let x(j) = g*l(j) + 9*m(j). Give x(-2).
10
Let r(s) be the second derivative of 3*s**5/20 - s**4/6 - 2*s**3/3 - s**2 + 11*s - 1. What is r(-1)?
-3
Suppose 23 = -5*l - m + 26, -5*m + 15 = 0. Let u(y) be the third derivative of -2/3*y**3 - 6*y**2 + 0 + 1/24*y**4 + l*y. What is u(5)?
1
Let h(b) = 0 - 41 + 85 + 10*b. Give h(-4).
4
Let v(x) = 6*x**3 + 2*x + 2535*x**2 - 2542*x**2 - 7*x**3 + 8. Give v(-7).
-6
Let k(l) = -7*l - 48. Let y be k(-8). Let m(t) be the third derivative of t**6/120 - 7*t**5/60 - 5*t**4/12 + 4*t**3/3 - 9*t**2. Determine m(y).
-8
Let z(f) = 41 - 9*f**2 - f**3 + 10*f - 41. Let s be z(-10). Suppose -2*n - 5*q - 20 = -n, s = n - 5*q - 10. Let t(u) = u + 3. What is t(n)?
-2
Suppose -c + 16 = 3*c. Let n(b) = b. Let r(l) = -4*l. Suppose s - 24 = -3*j - 2*j, 5*j - 2*s - 27 = 0. Let q(d) = j*n(d) + r(d). Calculate q(c).
4
Let o(b) be the first derivative of 28*b**3/3 + b**2/2 - 2*b - 315. Determine o(1).
27
Suppose 0 = -3*r - 5 + 11. Suppose -1 + 11 = r*o. Let h(k) be the third derivative of k**5/60 - 7*k**4/24 + k**3/2 + k**2. What is h(o)?
-7
Let a(w) = w**2 + w + 1. Suppose -4*v - 24 = 4*k - 8*v, 0 = 5*k - 2*v + 27. Determine a(k).
21
Suppose z = 2*i + 4 - 2, -z - 3*i = 8. Let c = z - -6. Let h(b) = -6*b**3 - b**2 + b - 2. Let t(k) = k**3 + k**2 + 1. Let f(p) = -h(p) - 5*t(p). Determine f(c).
-7
Let y(b) be the first derivative of b**2 + 7*b - 201. What is y(0)?
7
Suppose -58 - 140 = 2*h. Let j = 93 + h. Let p(n) = -n - 12. What is p(j)?
-6
Suppose 3*a + 4*t = 41 - 12, -2*t = -4*a + 2. Let d(q) = q**3 - q**2 - 3*q - 1. Give d(a).
8
Let m(t) = 2*t**3 - 2*t**2 + t - 1. Let g(o) = 11*o**3 - 22*o**2 + 16*o - 15. Let s(l) = g(l) - 5*m(l). Determine s(11).
-10
Suppose -4*z - 39 = -47. Let m(n) = -n + 4. Give m(z).
2
Let d(y) be the second derivative of y**4/12 + 9*y. Let m = -31 + 33. What is d(m)?
4
Let l(c) = 3*c + 2. Let k(j) = j**3 - 5*j**2 - 6*j - 5. Let b be k(6). Let n be -2*(b + 2 + 2). Suppose a - 6 = -5*o, n*a + 0*o + 12 = 2*o. What is l(a)?
-10
Suppose -2*c + 3*c - 4 = 0. Suppose c = 2*j - s, s = -5*j - 0*s + 24. Suppose w - 3*b - 1 = 2*w, w + 1 = j*b. Let x(v) = -v + 1. What is x(w)?
2
Let c(a) = a**2 - 8*a + 9. Let i be 5*(7 - (-116)/(-20)). Calculate c(i).
-3
Let k(o) = 10*o - 8. Let v(r) = 2*r + 1. Let p(a) = k(a) + 8*v(a). Calculate p(1).
26
Let p(d) = -2*d**3 - d**2 - 2*d - 1. Let r be p(-1). Let t(l) = 2*l**r - 2*l**3 - 3*l**3 + 7*l**3 - 3*l**3 + 6*l - 1. Suppose 51*z + 4 = 52*z. Give t(z).
-9
Let h = 4 + -3. Suppose 8*f - 97 = -17. Let p(t) = 19*t + 15*t**2 - f*t - 19*t**2 - 10*t. Calculate p(h).
-5
Suppose -2*r = 3*k + r + 114, 0 = 4*r - 8. Let x = 37 + k. Let j(t) = -t + 3. What is j(x)?
6
Let m be (-44)/(-8) - 2/(-4). Let b(j) = -6*j**2 + 6*j + 5*j + 1394 - 1403 + j**3 - 8*j. Determine b(m).
9
Let b(d) = 3*d - 1. Suppose -3*j = 4*j - 175. Suppose -11 = 3*p + 4*y, 6*p = p + 2*y + j. Let s be 3 - (3 - p - -1). Calculate b(s).
5
Let r(k) be the second derivative of -k**3/6 + 264*k. What is r(-3)?
3
Let k(i